g(y) = 2*y**3 + 7*y**2 + 19*y - 9. What is the units digit of g(5)?
1
Let i = -13 + 17. Suppose -3*j = v - 5*j - 86, -i*j - 352 = -4*v. What is the units digit of (-8)/(-3)*v/6?
0
Let x(w) = 2*w + 2*w - 4*w**2 - 2*w**3 - 2 + w**3. Let b be 2/16 - (-82)/(-16). What is the units digit of x(b)?
3
Let s(a) = a**3 - 3*a**2 - 4*a + 5. Let n be s(4). Suppose 0 = n*d + 2*y - 898, 0 = -2*d - 2*d - 5*y + 732. What is the tens digit of d?
7
Let d(r) = r**2 - 2*r - 6. Suppose -9 = 4*b - 25. Let h be d(b). Let q = h + 0. What is the units digit of q?
2
Suppose 0 = -n - 4*n + 50. Suppose -46 = -m + 2*h + n, 5*h - 295 = -5*m. What is the units digit of m?
8
Let i(c) = 11*c**2 - 2*c + 6. Let n be i(2). Let y = -38 + n. What is the units digit of y?
8
Let b = -37 - -39. Let q(m) = 48*m + 3. What is the tens digit of q(b)?
9
Suppose -n = -4*b - 65 - 260, 0 = -3*b - 3. What is the hundreds digit of n?
3
Let z(i) = 4*i**3 + 6*i**2 - 2*i - 4. Let t(b) = 3*b**3 + 5*b**2 - 2*b - 4. Let v(s) = -3*t(s) + 2*z(s). What is the tens digit of v(-7)?
8
Let m(i) = 7*i. Let b be m(13). Let z = -36 + b. What is the tens digit of z?
5
Suppose 4*x + 5*z = 4231, 2*x - 963 = -2*z + 1153. What is the thousands digit of x?
1
Let s(q) = q**2 + 7*q - 1. Let u(d) = d**2 + 2*d + 2. Let y be u(-3). What is the tens digit of s(y)?
5
Let n(w) = -4*w - 34. Let g be n(-19). What is the tens digit of (132/77)/(2/g)?
3
Let r(p) = 64*p + 2. What is the tens digit of r(6)?
8
Suppose 634 = 3*p + t + 46, -3*t - 9 = 0. What is the units digit of p?
7
Let d(a) = 456*a**3 + 2*a**2 - 1. What is the units digit of d(1)?
7
Suppose -2*i + 528 = 2*a, 0*i + a = 2*i - 537. What is the units digit of i?
7
Let q(s) = 15*s - 6. Let k be q(2). Suppose -3*x - 2*r + 3 = 0, -k = -3*x - 0*x + 5*r. What is the units digit of x?
3
Let l(j) = -4*j**2 + 5*j - 9. Let b be l(2). Let k = -62 + 39. Let m = b - k. What is the units digit of m?
8
Let n = 441 + 165. What is the hundreds digit of n?
6
Let h be 48/(-28)*(-14)/4. Suppose u = 2*a + 5*u - 156, 0 = -3*u - h. What is the units digit of a?
2
Suppose k + 240 = 5*w - 230, 0 = 5*w - 3*k - 480. Let b = w - 138. What is the units digit of 2*2/(-12)*b?
5
Suppose -3*q + 13 = -4*w - 16, -4*w - 11 = 3*q. Suppose 4*h = o - 32 + 10, -3*o - q*h + 36 = 0. Let t = o - -20. What is the units digit of t?
4
Let f = -319 - -820. What is the hundreds digit of f?
5
Suppose -3*t = -5*v + 4105, v + 5*t = -0*v + 793. What is the tens digit of v?
1
Let h = -10 + 10. Suppose -21 = s - 4*p - p, h = 5*p - 25. Suppose -s*m - 21 = -173. What is the units digit of m?
8
Let g(h) be the second derivative of 0 + 1/12*h**4 - 4*h**2 - 1/2*h**3 - 7*h. What is the units digit of g(7)?
0
Let v(f) = 4*f**2 - 39*f - 18. Let t be v(10). Let a(m) = 1 + 16 + m - 3*m. What is the tens digit of a(t)?
3
Suppose 3*k - 64 = 4*c, 3*k - c = -10 + 62. Let h be ((-28)/k + 3)*24. Let z = h - -12. What is the units digit of z?
2
Suppose -10*q - 147 + 1257 = 0. What is the units digit of q?
1
Let i = -217 + 1074. What is the hundreds digit of i?
8
Suppose -2 = f, 0 = 2*l + 2*l + f - 14126. What is the thousands digit of l?
3
Let x(b) = -b - 23. Let y(l) = -11. Let c(d) = 6*x(d) - 13*y(d). Let n be c(4). Let w = n + 39. What is the tens digit of w?
2
Let k(r) = 2*r + 3. Let o be k(0). Suppose -f = 3*f + t - 282, 0 = f - o*t - 64. What is the tens digit of f?
7
Suppose -49*z - 4*j = -47*z - 7010, 4*j - 3499 = -z. What is the hundreds digit of z?
5
Let u be (-4 + 1)*6/(-9). What is the tens digit of (u - 5)*(2 - 7)?
1
Let w = 4264 - 941. What is the units digit of w?
3
Let r = 20 + 16. What is the units digit of (-1 - -2)*(r - 7)?
9
Suppose 5*s + 769 = 94. What is the units digit of (-497)/(-15) + 18/s?
3
Suppose -q = 4*v - 41, 2*q = 6*q + 4*v - 224. Suppose -o - 25 = -116. Let n = o - q. What is the tens digit of n?
3
Let a(v) = -2*v**2 + v + 1. Let z(i) = 16*i**2 + 13*i + 2. Let u(y) = 5*a(y) + z(y). What is the units digit of u(-5)?
7
Let g(y) = y**2 + 48*y - 3. What is the units digit of g(9)?
0
What is the units digit of ((-62)/(-8))/(6/48)?
2
Let j be (-2 - 1)/(12/(-8)). Let m = 2 - j. Suppose m = 2*g - 1 - 13. What is the units digit of g?
7
Suppose 0 = 2*s - 4*s - 3*x + 18, 2*x = 8. Suppose -s*z = 4*l - 333, 2*z = l + 7*z - 79. Suppose 3*j - j = 3*u - l, -j + 153 = 5*u. What is the tens digit of u?
3
Suppose -49*n - 784 = -51*n. What is the tens digit of n?
9
Let s(f) = f**3 - 9*f**2 - 4*f. Let g be s(9). Suppose -33 = -3*w + 4*w - 3*q, -4*w - 99 = -q. Let a = w - g. What is the units digit of a?
2
Suppose 0 = 4*z + 25 + 47. What is the tens digit of (-4296)/(-108) - 4/z?
4
Suppose 9*k = 10*k + 18. Suppose 0 = 4*c - 2*c - 76. Let s = k + c. What is the tens digit of s?
2
Suppose -2*m = -2 - 10. Suppose 0 = -2*r + m. Suppose 3*c - 7*w - 156 = -r*w, -w + 283 = 5*c. What is the tens digit of c?
5
Suppose -n - 2 = 3*t - 16, -5*t + 4*n - 5 = 0. Let g = -16 - t. What is the tens digit of 14/(-8)*(g + -1)?
3
Suppose 4*w - 50 = -94. What is the tens digit of (w - 11)/(2 - 0)*-13?
4
Suppose 0 = -r - 4*m + 206 + 3951, 0 = 5*r + m - 20690. What is the thousands digit of r?
4
Suppose 0 = -8*z + 4106 + 4974. What is the hundreds digit of z?
1
Let j(s) = -77*s - 143. What is the tens digit of j(-7)?
9
What is the hundreds digit of ((-60)/(-35))/((-2)/(-364))?
3
Let h(l) = -5*l + 69. Let f = 88 - 97. What is the units digit of h(f)?
4
Let j = -1707 + 3042. What is the units digit of j?
5
Suppose -a + 6*a = 3*o + 14, -2*a = -5*o + 2. Suppose -133 - 3 = a*l. Let g = 75 + l. What is the tens digit of g?
4
Let t(h) = -h**3 + 4*h**2 + 3*h + 1. Let o be t(4). Suppose 0 = 9*b - o*b + 400. What is the units digit of b?
0
Let b = 122 - 57. Let g = b - 26. What is the tens digit of g?
3
Let w be 6/3 - (-1 - 1). Let u be 2/w*-1*2. What is the units digit of (u + 7)/(8 + -6)?
3
Suppose 2*x - 210 = -3*v + 75, -5*v + 428 = 3*x. Suppose -2*b = 3*b. Suppose 4*f - 46 - 56 = -2*p, 5*f - 2*p - x = b. What is the tens digit of f?
2
What is the units digit of (2 + (-22)/4)/((-7)/602)?
1
Let u(h) = 19*h**2 + 2*h + 1. Let t be u(-1). Suppose 6*i - 5*i - 2 = 0. Suppose 5*p - 28 - t = -r, -i*p + 76 = 2*r. What is the tens digit of r?
3
Let i(h) be the third derivative of 11*h**4/8 + 5*h**3/6 - 12*h**2 - 2*h. What is the tens digit of i(4)?
3
Suppose 125 = 4*c + 2*s + 3*s, -3*s - 87 = -3*c. Suppose c = 3*y - 15. Suppose 4*l - 32 = -5*d + 125, 0 = 5*l - y. What is the tens digit of d?
2
Let n be 4/(-18) + (-204)/54. What is the units digit of 33*(4/n + 2)?
3
Suppose -5*h - 38 = -3*n, 4*h = -h - 20. Suppose 2*y - y - u - n = 0, 0 = 5*y + 2*u - 16. Suppose -65 = -y*q - 1. What is the units digit of q?
6
Let i(g) = -g**3 - 7*g**2 - 5*g + 5. Let a be i(-6). What is the tens digit of (15/(-6))/(a/18)?
4
Let b(p) = -3966*p + 31. What is the thousands digit of b(-1)?
3
Suppose -16 = -h + 63. What is the tens digit of h?
7
Let i = -9 - -19. Suppose 0 = 4*p + 5*v - 13, -5*p + i = 5*v - 5. Suppose 0 = 3*g - 3*l - 39, 4*l - 76 = -6*g + p*g. What is the tens digit of g?
1
Let j(l) be the first derivative of 37*l**2/2 - 10*l + 16. What is the tens digit of j(2)?
6
Let f = -28 + 32. Suppose 4 = 5*n - 11. Suppose -n*t + f*p = 8*p - 57, p - 19 = -t. What is the tens digit of t?
1
Let w(y) = -y**2 - 13*y + 10. Let v be w(-14). What is the tens digit of v + 71 + 15/5?
7
Let i(w) = 9*w**3 - w**2 - 8*w**3 - 4*w - 2*w**2 + 4. Let z be i(4). Suppose -z*o + 21 = -7. What is the units digit of o?
7
Let r(t) = 6*t**3 - 5*t - 5*t**3 - 5*t**2 - t**2 + 4. Let o(k) = 10*k - 33. Let g be o(4). What is the units digit of r(g)?
8
Suppose 0*x + o + 1 = -3*x, -10 = -5*x - 4*o. What is the units digit of (119 - (8 - 4)) + x/2?
4
Let x(i) be the third derivative of i**5/12 + i**4/4 - 7*i**3/6 - 14*i**2. What is the units digit of x(4)?
7
Let o be 14*1/8*4. Suppose -1316 + 371 = -o*f. What is the hundreds digit of f?
1
What is the tens digit of 64/112 + 2117/7?
0
Let t(c) be the second derivative of c**3/3 + 5*c**2/2 + 9*c. Let o be t(8). Suppose 0 = 3*v - 2*v - o. What is the units digit of v?
1
Suppose -1312*h = -1314*h + 3666. What is the tens digit of h?
3
Suppose 1938 = 2*u - 3*s, u + 11*s - 969 = 9*s. What is the tens digit of u?
6
Suppose 3*v - 22 - 23 = 0. Suppose -v*w + 19*w = 28